he greatest common divisor of t and b.
9
Let m = 22 - 15. Calculate the greatest common divisor of m and 49.
7
Let s(j) = j**2 - 12*j - 33. Let a be s(15). Calculate the greatest common factor of a and 48.
12
Let p = 7 + 5. What is the highest common divisor of p and 96?
12
Let x be (-434)/(-4) - 3/6. What is the highest common divisor of 27 and x?
27
Let j(g) = -g**3 + 8*g**2 - 2*g - 2. Let w be j(7). What is the greatest common factor of 44 and w?
11
Suppose 0*u - 2*u + 38 = 0. Let z = 20 - -37. Calculate the highest common divisor of z and u.
19
Suppose 4*c + 9 + 7 = 0. Let x be 0 + (-2 - (2 + c)). Suppose x = 3*w - w - 2*t - 152, -5 = -t. What is the greatest common factor of 9 and w?
9
Suppose -3*k = -8*k + 340. What is the highest common divisor of k and 17?
17
Let u be 0/((-1)/(2 - 1)). Suppose u = 5*x - 3*x - 40. What is the highest common factor of 20 and x?
20
Suppose 0*k - 450 = -10*k. Let w be (1 + 0)*(-1 + 31). What is the greatest common divisor of w and k?
15
Let y be (1/2)/(6/48). Suppose -3*b - 5*j = -551, 5*b = b + y*j + 724. Calculate the greatest common factor of b and 26.
26
Let q = -3 + 7. Suppose -8*n + 3*n - 2*b = -244, -q*n + 194 = b. What is the highest common divisor of n and 32?
16
Let m = 1342 - 851. Suppose -71 = 5*a - m. Let q(z) = z**2 - 6*z + 5. Let s be q(7). What is the greatest common factor of a and s?
12
Let x = -164 - -188. Calculate the greatest common factor of x and 216.
24
Suppose 5 = w - 2. Let x = 4 - w. Let q be ((-20)/(-12))/((-1)/x). What is the greatest common factor of q and 1?
1
Let m = -7 + 7. Let f(s) = s + 10. Let n be f(m). Suppose 14 = 3*o - n. What is the highest common divisor of 12 and o?
4
Let n be 4/(-1*2) - 0. Let f(a) = -7*a + 6*a - a + 3*a**2 - 2. Let w be f(n). What is the highest common factor of w and 14?
14
Let k be 6/10 + 1278/45. Suppose 64 = 4*x - 4*r, 5*x + 3*r = x + k. What is the greatest common divisor of 99 and x?
11
Let w = 43 + -26. Suppose 0 = -2*c - 3*o + 103, -3*c + 4*o + 51 = -78. Suppose b + c = 200. What is the highest common divisor of w and b?
17
Let t = 6 + -9. Let j = 3 + t. Suppose -2*x + 1 + 7 = j. What is the greatest common divisor of 4 and x?
4
Suppose r = -66 - 180. Let z = 12 - 22. Let x be 6/(-10) + r/z. Calculate the highest common divisor of x and 12.
12
Suppose 0*y - 11 = -y + 2*j, 5*y + 3*j = -10. Suppose y + 9 = z. What is the highest common divisor of 10 and z?
10
Let z be ((-34)/(-4))/1 - (-18)/(-36). Calculate the greatest common factor of z and 24.
8
Let s(n) = 20*n**2 + 2*n - 1. Let l be 2/(-2) - (5 + -4). Let y be s(l). Calculate the greatest common factor of y and 15.
15
Let d = -9 - -21. What is the highest common factor of d and 3?
3
Suppose 6*g = 4*g + 74. Let h = g - 21. Let z(i) = -24*i**3 + i**2 + 2*i + 1. Let s be z(-1). Calculate the greatest common divisor of h and s.
8
Let o(m) = 3*m - 3. Let b be o(2). Suppose -12 = -3*t, -b*h + 425 = -0*h - t. Suppose 0*j + 39 = 3*j. What is the greatest common factor of j and h?
13
Let v(y) = y**3 + 10*y**2 + 4*y. Let x be v(-4). What is the greatest common factor of 16 and x?
16
Let b = 7 + -7. Let t(y) = y**3 - y**2 - y + 8. Let s be t(b). What is the highest common divisor of s and 4?
4
Suppose 0 = n - 4*n - 21. Suppose 3*m + 2*i = 4*m + 7, -3*m + i = 26. Let v = n - m. Calculate the highest common factor of 18 and v.
2
Suppose -3398 - 3582 = 5*s. Let u be s/(-14) + 6/21. Suppose 2*p - 2*n = -8 + 64, -5*p = 3*n - u. Calculate the highest common factor of 253 and p.
23
Let u(j) = j**3 - 6*j**2 - 4*j - 8. Let f be u(7). Let d = 26 + f. Suppose -5*p + 12*p - 91 = 0. Calculate the highest common divisor of p and d.
13
Let b = 50 + -70. Let o = b + 32. Suppose -8*a + 300 = -3*a. Calculate the highest common divisor of a and o.
12
Let t be (-2)/10 - (-51)/5. What is the greatest common factor of 25 and t?
5
Let m(b) = -b**2 + 17*b - 11. Suppose 0 = 2*a + 4*h - 30, 2*a = -2*h + 20 + 6. Let c be m(a). What is the highest common factor of c and 22?
11
Let m = 264 + -136. Calculate the greatest common factor of 16 and m.
16
Let i be (-2)/(-6)*(-6 - -51). Let u(a) = -5*a + 5. Let h be u(-5). Let b be (h/(-2))/((-3)/33). What is the highest common divisor of i and b?
15
Suppose 2*v + 72 = 3*v. What is the highest common factor of v and 9?
9
Suppose 0 = -2*f + 3*k + 41, -3*k = -3*f + 66 - 9. Let x(m) = -m**2 + 9 + 12*m - 7 + 2. Let d be x(10). What is the greatest common divisor of f and d?
8
Let v(b) = 2*b + 5. Let k be v(3). What is the highest common divisor of 99 and k?
11
Let l(f) = f**2 - f + 2. Let w be l(3). Let s(j) = 0*j + j + j + 0 - 5. Let t be s(w). Calculate the highest common factor of t and 99.
11
Suppose 0*j + 2*j = -28. Let b(r) = -35*r + 1. Let m be b(3). Let q = j - m. What is the greatest common divisor of 36 and q?
18
Let q = 11 + 13. Calculate the greatest common factor of 36 and q.
12
Let b(r) = -r**3 - 4*r**2 - 6. Let y be b(-5). Let d = 70 + -13. What is the greatest common factor of y and d?
19
Let s = 211 + -112. Calculate the greatest common divisor of 11 and s.
11
Suppose 7*q - 36 = 4*q. Calculate the highest common divisor of q and 60.
12
Let b(f) = f - 2. Let r be b(2). Let q = r + 2. Suppose -q*h = 2*h - 4. What is the greatest common factor of 11 and h?
1
Let m(n) = -n**3 - 5*n**2 + 6*n + 8. Let c be m(-6). Calculate the highest common divisor of c and 24.
8
Let x be ((-102)/15)/((-3)/15). Calculate the highest common factor of x and 34.
34
Let n = 32 - 61. Let c = 11 + n. Let m be c/(-1)*(-16)/(-3). What is the greatest common factor of m and 12?
12
Let f be (-102)/(-5)*(-5 + 0). Let q be f/(-9) - (-8)/12. What is the highest common factor of 8 and q?
4
Suppose -3*c + 32 = c. Suppose -2*w - 20 = -36. Calculate the highest common factor of c and w.
8
Suppose -24 = -6*d - 0. Calculate the greatest common divisor of 10 and d.
2
Let t be (2 + 0)/(-2 + 1). Let r be (15/t)/(3/(-4)). Calculate the highest common factor of r and 2.
2
Suppose -7*j - 17 + 59 = 0. Suppose j + 2 = 2*g. What is the highest common factor of 4 and g?
4
Let d be (-19)/(-6)*3*-4. Let j be d/(-7) + 18/(-42). Let n = 14 - -31. Calculate the greatest common factor of n and j.
5
Suppose 0*m = 2*m + 72. Let c = 44 - m. What is the highest common factor of 10 and c?
10
Let l be (-220)/(-16) + (-1)/(-4). What is the highest common factor of l and 21?
7
Suppose g + 2*g = 36. Suppose 2*q = 3*q + 144. Let j be ((-5)/2)/(3/q). Calculate the highest common divisor of j and g.
12
Suppose 3*k = -8 + 26. What is the highest common factor of k and 48?
6
Let p(f) = -27*f - 9. Let m be p(-5). Calculate the greatest common divisor of m and 18.
18
Suppose 5*q - 24 = -99. Let x = q - -20. What is the greatest common factor of x and 40?
5
Suppose 2*z - 2*b = 36, -7*z + 2*b + 78 = -2*z. What is the highest common factor of z and 14?
14
Suppose 0 = -2*l + 2 + 2. Suppose -4*t + 56 = s, -s + l*s = -t + 65. Suppose -4*j + 48 = -20. Calculate the greatest common factor of s and j.
17
Let x(u) = 3*u + 17. Let n be x(7). What is the greatest common divisor of n and 38?
38
Suppose -j - 3*u = -17, 3*u + 28 = j - 7. What is the highest common divisor of j and 130?
26
Let d(m) = m**3 - 13*m**2 + 14*m + 1. Let p be d(12). What is the greatest common divisor of p and 200?
25
Let r(k) = -k - 6. Let v be r(-8). Let f(o) = 27*o**2 - o - 2. Let y be f(v). Calculate the highest common divisor of y and 13.
13
Let p(z) = z**2 + 7*z - 13. Let k be p(-11). Calculate the greatest common factor of k and 124.
31
Suppose -48 = -10*l + 7*l. What is the greatest common divisor of l and 24?
8
Let f = -7 + 63. Suppose -3 - 11 = -2*x. Calculate the greatest common factor of f and x.
7
Let a(g) = -4 - g**2 - g**2 + 14 + 3*g**2 - 11*g. Let m be a(11). What is the highest common factor of m and 10?
10
Suppose -y + 1 = 3*p, 3*p - 6*p + 3*y = -21. Suppose -p*a + 5*a - 66 = -2*z, 5*z + a - 139 = 0. Calculate the greatest common factor of z and 9.
9
Let o be 1*((-2)/(-1) + 2). Let x = 22 + -16. What is the greatest common factor of o and x?
2
Suppose -41 - 130 = -3*q. Calculate the greatest common divisor of 19 and q.
19
Let z = 14 + -9. Let n(d) = -4*d - 5. Let q(b) = -6*b - 7. Let w(s) = z*q(s) - 7*n(s). Let r be w(-3). Calculate the highest common divi